2 - 61*n + 34. Give z(7).
48
Let d(p) = -1463*p + 4510. Give d(3).
121
Let z(n) = -34*n + 1176. Calculate z(35).
-14
Let g(r) = 2*r**2 - 4*r - 4404. What is g(48)?
12
Let m(c) = -636*c - 17821. Give m(-28).
-13
Let n(q) = 875*q - 6130. What is n(7)?
-5
Let c(h) = h**3 + 75*h**2 + 989*h + 27. Calculate c(-17).
-24
Let c(l) = l**3 - 7*l**2 + 16*l - 7. Determine c(6).
53
Let h(r) = r**2 + 53*r - 6011. What is h(56)?
93
Let x(f) = f**2 - 34*f - 617. What is x(-13)?
-6
Let r(l) = -l**3 + 4*l**2 - 19*l - 16. What is r(0)?
-16
Let d(v) = -56*v - 1531. Give d(-22).
-299
Let l(t) = 4*t**3 - 83*t**2 - 104*t - 178. Determine l(22).
-46
Let c(k) = -10*k + 376. What is c(36)?
16
Let p(b) = 50*b + 6855. Determine p(-137).
5
Let b(x) = -x**2 - 1710*x + 18939. Give b(11).
8
Let j(y) = -132*y**2 + 12936*y + 9. What is j(98)?
9
Let l(y) = 23*y**2 - 8*y - 10. Give l(-3).
221
Let z(x) = -19*x**2 + 73*x + 18. Give z(4).
6
Let y(u) = -u**3 - 23*u**2 - 59*u + 18. What is y(-20)?
-2
Let f(t) = -4*t**3 + 557*t**2 - 138*t - 143. What is f(139)?
-4
Let z(i) = 13*i**2 + 1588*i + 260. What is z(-122)?
16
Let a(c) = c**3 + 8*c**2 - 8*c - 70. What is a(-3)?
-1
Let m(b) = -3*b**3 - 3*b**2 - 7*b + 1. Give m(-4).
173
Let i(c) = -c**2 + 27*c + 1316. What is i(-30)?
-394
Let n(l) = l**3 - 27*l**2 + 109*l + 28. Calculate n(22).
6
Let f(w) = -w**2 - 33*w - 253. Determine f(-10).
-23
Let c(y) = 590*y - 32. Give c(0).
-32
Let v(l) = 4531*l + 18125. What is v(-4)?
1
Let c(o) = 5915*o + 11831. Give c(-2).
1
Let y(l) = -l**3 + 23*l**2 + 48*l + 26. What is y(25)?
-24
Let x(c) = 14*c - 55. Give x(5).
15
Let f(w) = w**3 - 12*w**2 - 24*w + 49. Determine f(14).
105
Let x(g) = -4*g**3 + 2*g**2 + 7*g - 5. Calculate x(-2).
21
Let s(o) = -201*o + 3215. Give s(16).
-1
Let h(b) = 20*b - 285. Determine h(22).
155
Let g(j) = 3*j + 148. What is g(-33)?
49
Let f(b) = b**2 + 51*b - 457. Give f(8).
15
Let d(l) = l**2 + 77*l + 1481. Calculate d(-44).
29
Let v(b) = -b**3 + 35*b**2 + 158*b - 5517. Give v(35).
13
Let k(r) = r**3 - 12*r**2 + 17*r - 2. Give k(0).
-2
Let p(w) = w**2 + 3*w - 32. What is p(7)?
38
Let x(p) = -192*p - 1747. Give x(-9).
-19
Let a(n) = -n**2 - 702*n - 29578. Determine a(-45).
-13
Let m(n) = -9*n - 19. Calculate m(-6).
35
Let s(o) = -o**3 - 57*o**2 - 57*o - 47. Calculate s(-56).
9
Let x(l) = 5*l**3 + 25*l**2 - 179*l + 15. Calculate x(-9).
6
Let s(t) = -2*t**2 + 5*t + 32. Give s(6).
-10
Let p(w) = 2252*w - 22519. What is p(10)?
1
Let m(r) = 396*r + 34. Give m(0).
34
Let h(x) = 2*x**2 + 17*x - 757. What is h(-25)?
68
Let j(g) = g**3 - 11*g**2 + 28*g - 3. Determine j(4).
-3
Let r(n) = -11*n**3 + 2*n - 5. Give r(-2).
79
Let d(r) = 270*r + 2445. Give d(-9).
15
Let g(r) = -933*r + 931. Determine g(1).
-2
Let n(r) = r**2 - 69*r - 189. Determine n(66).
-387
Let b(c) = -5*c**3 + 39*c**2 + 4*c + 20. Calculate b(8).
-12
Let q(s) = 80*s - 748. Determine q(6).
-268
Let n(g) = g**3 + 17*g**2 + 68*g + 71. What is n(-12)?
-25
Let p(s) = -6*s + 50. Calculate p(5).
20
Let v(y) = -2*y**2 + 46*y + 33. Calculate v(26).
-123
Let z(r) = r**2 + 243*r - 985. Calculate z(4).
3
Let m(f) = 291*f + 288. Give m(-1).
-3
Let z(f) = 9610*f - 384394. Calculate z(40).
6
Let z(b) = -6*b**2 - 94*b - 28. Determine z(-13).
180
Let a(r) = -6*r**2 + 11*r + 667. Give a(-10).
-43
Let k(g) = g**2 + 17*g - 144. Determine k(7).
24
Let o(t) = -165*t + 31678. Give o(192).
-2
Let c(q) = -56*q + 456. Calculate c(8).
8
Let n(i) = -i**3 - 33*i**2 - 246*i + 27. Calculate n(-13).
-155
Let i(c) = -c**3 - 57*c**2 - 59*c - 165. Give i(-56).
3
Let j(b) = -b**3 + 9*b**2 - 4*b - 4. Give j(3).
38
Let y(x) = 13*x**2 - 19*x + 16. Determine y(1).
10
Let w(z) = 18*z + 203. Give w(-14).
-49
Let h(x) = x**3 - 8*x**2 - 371*x + 2976. What is h(8)?
8
Let l(o) = o**3 + 19*o**2 - 76*o - 1166. What is l(-20)?
-46
Let f(y) = -30*y - 292. What is f(-10)?
8
Let c(u) = -138*u + 517. Calculate c(4).
-35
Let o(j) = -j**3 + 21*j**2 + 75*j - 163. Determine o(24).
-91
Let q(i) = 432*i + 195700. What is q(-453)?
4
Let d(s) = 27*s**2 - 290*s - 49. Calculate d(11).
28
Let z(u) = -2*u**3 - 3*u**2 + 8*u + 83. Give z(-3).
86
Let v(j) = 59*j + 682. Calculate v(-12).
-26
Let w(s) = -266*s - 2128. What is w(-8)?
0
Let x(y) = y**3 + 9*y**2 - 54*y + 42. Calculate x(-13).
68
Let g(m) = 15*m**2 + 4. Calculate g(-1).
19
Let d(k) = k**3 - 17*k**2 - 20*k + 15. Determine d(18).
-21
Let n(j) = j**3 - 16*j**2 - 52*j - 55. Give n(19).
40
Let k(p) = p**2 - 890*p + 1781. What is k(2)?
5
Let j(q) = q**2 + 5*q + 5. Calculate j(-4).
1
Let g(i) = -i**3 - 361*i**2 - 9934*i - 1323. What is g(-331)?
1
Let b(u) = -u**3 + 61*u**2 - 122*u + 239. Determine b(59).
3
Let q(b) = -b**3 - 17*b**2 - 7*b + 9. Calculate q(-16).
-135
Let c(l) = l**3 - 30*l**2 + 58*l - 56. Determine c(28).
0
Let i(x) = -3*x**3 - 4*x**2 - 6*x - 5. What is i(-1)?
0
Let l(g) = -1405*g + 9877. What is l(7)?
42
Let m(t) = 107*t - 14449. Calculate m(135).
-4
Let w(u) = u**3 - 4*u**2 - 79*u + 369. Calculate w(5).
-1
Let j(y) = 4*y**2 - 931*y + 3685. Give j(4).
25
Let j(n) = n**2 + 52*n + 578. What is j(-32)?
-62
Let f(k) = 45*k - 101. Give f(3).
34
Let q(k) = -10*k**3 + 8*k**2 + 43*k - 100. Give q(2).
-62
Let l(p) = -p**3 - 4*p**2 - 64*p - 255. Determine l(-4).
1
Let a(d) = 2*d**2 - 65*d + 102. Calculate a(30).
-48
Let j(s) = 2*s**3 - 13*s**2 + 89. Calculate j(5).
14
Let q(n) = -620*n + 4321. Calculate q(7).
-19
Let o(q) = 3*q**2 + 69*q + 187. Determine o(-20).
7
Let h(j) = -15*j - 96. Give h(0).
-96
Let p(s) = -4*s + 198. What is p(37)?
50
Let c(j) = -6*j**3 - j**2 - 8*j + 6. What is c(0)?
6
Let m(z) = -289*z + 19329. Calculate m(67).
-34
Let j(c) = -c**2 - 34*c + 2727. What is j(-72)?
-9
Let a(n) = 80*n + 7187. Give a(-90).
-13
Let p(l) = -l**2 + 127*l + 356. Give p(130).
-34
Let s(p) = 12*p**2 + 641*p + 133. Give s(-52).
-751
Let x(i) = -2*i**2 + 523*i + 38586. Calculate x(-60).
6
Let b(n) = 36*n**2 - 24*n + 15. Determine b(-4).
687
Let b(c) = 28*c - 600. Determine b(31).
268
Let l(p) = -8*p**3 - 3*p**2 - 5*p + 20. What is l(-3)?
224
Let m(u) = 2*u**2 - 10633. What is m(73)?
25
Let u(t) = t**3 + 2*t**2 - 11. Calculate u(0).
-11
Let s(u) = -35*u**3 + 2*u**2 + 27*u + 57. Give s(-2).
291
Let y(o) = -13*o + 1425. Give y(110).
-5
Let g(l) = 19*l - 78. What is g(3)?
-21
Let b(t) = -80*t + 5115. Give b(64).
-5
Let k(l) = 56*l**2 - 1237*l + 94. Give k(22).
-16
Let u(a) = -4*a**2 - 1017*a - 1265. Calculate u(-253).
0
Let z(k) = k**3 - 4*k**2 - 22*k - 11. Give z(7).
-18
Let x(y) = -6*y**2 + 47*y - 13. Give x(7).
22
Let k(a) = -3*a - 445. What is k(-145)?
-10
Let p(o) = o**3 + 15*o**2 - 6*o - 57. What is p(-14)?
223
Let s(q) = q**2 + 12*q + 16. Determine s(-5).
-19
Let t(g) = 25*g**2 + 1376*g + 45. What is t(-55)?
-10
Let x(p) = -90*p**2 + 810*p + 897. Give x(10).
-3
Let v(u) = -6*u - 265. What is v(-36)?
-49
Let x(g) = 332*g - 8960. Determine x(27).
4
Let i(m) = 3*m**2 - 42*m + 9. Give i(14).
9
Let i(n) = -n**3 - 15*n**2 - 20*n - 2. Determine i(-12).
-194
Let w(c) = -34*c - 263. Calculate w(-4).
-127
Let s(c) = 3*c**2 + 11*c - 17. Give s(-4).
-13
Let y(i) = -i**3 + 3*i**2 - 72*i - 26. What is y(0)?
-26
Let m(y) = -y**2 + 12*y + 61. What is m(14)?
33
Let q(i) = -12*i**3 - 1. Calculate q(1).
-13
Let y(w) = -2*w**3 + 115*w**2 + 440*w - 789. What is y(61)?
4
Let y(l) = 2*l**2 + 12*l - 60. Calculate y(-11).
50
Let a(c) = -27*c - 814. Calculate a(-30).
-4
Let k(c) = 13*c - 132. Determine k(7).
-41
Let p(g) = -341*g - 2712. Determine p(-8).
16
Let v(u) = -3*u**3 - 40*u**2 - 19*u - 8. Give v(-13).
70
Let w(t) = -3*t**2 + 74*t - 483. Determine w(19).
-160
Let r(b) = -b**3 + 13*b - 10. Calculate r(5).
-70
Let i(s) = s**2 + 23*s - 279. Calculate i(9).
9
Let m(d) = 6*d**3 + 8*d**2 - 45*d + 47. What is m(2)?
37
Let t(j) = -j**2 + 73*j - 1229. What is t(25)?
-29
Let g(w) = -2*w**2 + 114*w + 1016. Determine g(65).
-24
Let g(v) = -11*v**2 + 1664*v - 452. What is g(151)?
1
Let l(z) = 1176*z**2 - 10583*z - 2. Give l(9).
7
Let t(m) = -8*m**2 - 556*m + 287. What is t(-70)?
7
Let r(q) = q**3 - 17*q**2 + 34*q + 34. Give r(15).
94
Let h(o) = 47*o**3 - 2*o**2 + 7*o - 6. Determine h(1).
46
Let t(f) = 7*f + 172. Calculate t(34).
410
Let i(u) = 10*u - 111. Calculate i(-6).
-171
Let y(r) = -2*r**2 + 124*r - 350. Calculate y(59).
4
Let f(a) = 278*a - 783. Wha